{"id":267,"date":"2019-02-22T14:24:16","date_gmt":"2019-02-22T14:24:16","guid":{"rendered":"http:\/\/freibad-bsa.de\/?page_id=267"},"modified":"2026-04-19T16:40:15","modified_gmt":"2026-04-19T14:40:15","slug":"aktuelles","status":"publish","type":"page","link":"https:\/\/www.freibad-bsa.de\/?page_id=267","title":{"rendered":"Aktuelles"},"content":{"rendered":"\r\n<p><strong>EHRENAMTLICHE RETTUNGSSCHWIMMER GESUCHT!<\/strong><\/p>\r\n<p>Der F\u00f6rderverein Freibad Bad Sooden-Allendorf e.V. sucht engagierte ehrenamtliche Rettungsschwimmerinnen und Rettungsschwimmer zur Unterst\u00fctzung unseres Schwimmmeisters. Damit auch bei hoher Besucherzahl ein sicherer und reibungsloser Badebetrieb gew\u00e4hrleistet ist, freuen wir uns \u00fcber jede Unterst\u00fctzung!<\/p>\r\n<p>Das bieten wir:<\/p>\r\n<ul>\r\n<li>10 \u20ac Aufwandsentsch\u00e4digung pro Stunde<\/li>\r\n<li>Flexible Einsatzzeiten nach individueller Absprache<\/li>\r\n<li>Einteilung unkompliziert \u00fcber WhatsAppGruppe<\/li>\r\n<li>Nettes Team &amp; soziales Umfeld<\/li>\r\n<li>Sinnvolles Ehrenamt \u2013 Sie helfen aktiv, unser Freibad zu erhalten<\/li>\r\n<li>Vermittlung der erforderlichen Kenntnisse, wie Rettungsf\u00e4higkeit und Erste Hilfe. Die Kosten f\u00fcr die Ausbildung \u00fcbernimmt der F\u00f6rderverein vollst\u00e4ndig.<\/li>\r\n<\/ul>\r\n<p><strong>INTERESSE? JETZT MELDEN!<\/strong> Direkt im Freibad Bad Sooden-Allendorf bei Schwimmmeister Thomas Werner &#x260e; 05652 \/ 4057 Jede helfende Hand z\u00e4hlt \u2013 machen Sie mit! \u00a0<\/p>\r\n<div>\r\n<div class=\"html-div xdj266r x11i5rnm xat24cr x1mh8g0r xexx8yu x4uap5 x18d9i69 xkhd6sd\">\r\n<div class=\"html-div xdj266r x11i5rnm xat24cr x1mh8g0r xexx8yu x4uap5 x18d9i69 xkhd6sd\" dir=\"auto\"><img loading=\"lazy\" decoding=\"async\" class=\"alignnone size-large wp-image-3164\" src=\"https:\/\/www.freibad-bsa.de\/wp-content\/uploads\/2025\/09\/Freibad-Foerderverein-uebergibt-Photovoltaik.pdf-701x1024.jpg\" alt=\"\" width=\"701\" height=\"1024\" srcset=\"https:\/\/www.freibad-bsa.de\/wp-content\/uploads\/2025\/09\/Freibad-Foerderverein-uebergibt-Photovoltaik.pdf-701x1024.jpg 701w, https:\/\/www.freibad-bsa.de\/wp-content\/uploads\/2025\/09\/Freibad-Foerderverein-uebergibt-Photovoltaik.pdf-205x300.jpg 205w, https:\/\/www.freibad-bsa.de\/wp-content\/uploads\/2025\/09\/Freibad-Foerderverein-uebergibt-Photovoltaik.pdf-768x1122.jpg 768w, https:\/\/www.freibad-bsa.de\/wp-content\/uploads\/2025\/09\/Freibad-Foerderverein-uebergibt-Photovoltaik.pdf-1051x1536.jpg 1051w, https:\/\/www.freibad-bsa.de\/wp-content\/uploads\/2025\/09\/Freibad-Foerderverein-uebergibt-Photovoltaik.pdf-1401x2048.jpg 1401w, https:\/\/www.freibad-bsa.de\/wp-content\/uploads\/2025\/09\/Freibad-Foerderverein-uebergibt-Photovoltaik.pdf-scaled.jpg 1752w\" sizes=\"auto, (max-width: 701px) 100vw, 701px\" \/>\r\n<div class=\"html-div xdj266r x11i5rnm xat24cr x1mh8g0r xexx8yu x4uap5 x18d9i69 xkhd6sd\" data-ad-rendering-role=\"story_message\">\r\n<div dir=\"auto\">\u00a0 <img loading=\"lazy\" decoding=\"async\" class=\"alignnone size-large wp-image-3158\" src=\"https:\/\/www.freibad-bsa.de\/wp-content\/uploads\/2025\/09\/Presseerklaerung-Projektabschluss-PV-Anlage-08-2025-Photo-Uebergabe-1024x576.jpg\" alt=\"\" width=\"840\" height=\"473\" srcset=\"https:\/\/www.freibad-bsa.de\/wp-content\/uploads\/2025\/09\/Presseerklaerung-Projektabschluss-PV-Anlage-08-2025-Photo-Uebergabe-1024x576.jpg 1024w, https:\/\/www.freibad-bsa.de\/wp-content\/uploads\/2025\/09\/Presseerklaerung-Projektabschluss-PV-Anlage-08-2025-Photo-Uebergabe-300x169.jpg 300w, https:\/\/www.freibad-bsa.de\/wp-content\/uploads\/2025\/09\/Presseerklaerung-Projektabschluss-PV-Anlage-08-2025-Photo-Uebergabe-768x432.jpg 768w, https:\/\/www.freibad-bsa.de\/wp-content\/uploads\/2025\/09\/Presseerklaerung-Projektabschluss-PV-Anlage-08-2025-Photo-Uebergabe-1536x865.jpg 1536w, https:\/\/www.freibad-bsa.de\/wp-content\/uploads\/2025\/09\/Presseerklaerung-Projektabschluss-PV-Anlage-08-2025-Photo-Uebergabe-2048x1153.jpg 2048w\" sizes=\"auto, (max-width: 840px) 100vw, 840px\" \/> <img loading=\"lazy\" decoding=\"async\" class=\"alignnone size-large wp-image-3159\" src=\"https:\/\/www.freibad-bsa.de\/wp-content\/uploads\/2025\/09\/Bild-Untertitel-PV-Anlage-08-2025-Bildunterschrift-1024x98.jpg\" alt=\"\" width=\"840\" height=\"80\" srcset=\"https:\/\/www.freibad-bsa.de\/wp-content\/uploads\/2025\/09\/Bild-Untertitel-PV-Anlage-08-2025-Bildunterschrift-1024x98.jpg 1024w, https:\/\/www.freibad-bsa.de\/wp-content\/uploads\/2025\/09\/Bild-Untertitel-PV-Anlage-08-2025-Bildunterschrift-300x29.jpg 300w, https:\/\/www.freibad-bsa.de\/wp-content\/uploads\/2025\/09\/Bild-Untertitel-PV-Anlage-08-2025-Bildunterschrift-768x74.jpg 768w, https:\/\/www.freibad-bsa.de\/wp-content\/uploads\/2025\/09\/Bild-Untertitel-PV-Anlage-08-2025-Bildunterschrift-1536x147.jpg 1536w, https:\/\/www.freibad-bsa.de\/wp-content\/uploads\/2025\/09\/Bild-Untertitel-PV-Anlage-08-2025-Bildunterschrift-2048x197.jpg 2048w\" sizes=\"auto, (max-width: 840px) 100vw, 840px\" \/> \u00a0 <strong>Ein herzlichen Dank an die Spender, die den Bau der PV-Anlage erm\u00f6glicht haben:<\/strong><\/div>\r\n<div dir=\"auto\">\r\n<ul>\r\n<li>Kristina Bauer<\/li>\r\n<li>Gustav und Silke Becker<\/li>\r\n<li>Anke Bergner<\/li>\r\n<li>Gunter Beyer<\/li>\r\n<li>dm drogerie-markt<\/li>\r\n<li>Filzring\u00a0OHG<\/li>\r\n<li>Hobby Boutique, Inge Scharff<\/li>\r\n<li>Andrea Kreutzer<\/li>\r\n<li>Heike Krumpholz<\/li>\r\n<li>Isabella Mors<\/li>\r\n<li>Matthias und Dagmar N\u00f6ding<\/li>\r\n<li>Soodener Reiseb\u00fcro, Wolfgang Punzet<\/li>\r\n<li>Stadtf\u00fchrer &#8218;Allendorf bei Nacht&#8216;<\/li>\r\n<li>Thomas Sys Tech GmbH<\/li>\r\n<li>Armin Trube<\/li>\r\n<li>\u2026 und viele weitere<\/li>\r\n<\/ul>\r\n<\/div>\r\n<div dir=\"auto\">\u00a0<\/div>\r\n<div dir=\"auto\">\u00a0 \u00a0 <strong>Mitgliederversammlung F\u00f6rderverein Freibad Bad Sooden-Allendorf e.V. 2025<\/strong><\/div>\r\n<div dir=\"auto\">\u00a0<\/div>\r\n<div dir=\"auto\">Siedler und St\u00f6ber neu im Vorstand Freibad-F\u00f6rderverein: M\u00fcller und Geilfu\u00df scheiden aus Vorstand aus<\/div>\r\n<div dir=\"auto\">\u00a0<\/div>\r\n<div dir=\"auto\">Bad Sooden-Allendorf \u2013 Vor wenigen Tagen fand die zw\u00f6lfte Mitgliederversammlung des F\u00f6rdervereins Freibad Bad Sooden-Allendorf e.V. im Seniorentreffpunkt statt. Neben dem Jahresbericht der Vorsitzenden Sonja Jilg und des Kassenberichtes des Kassenwarts fanden Neuwahlen f\u00fcr die \u00c4mter des 2. Vorsitzenden und des Kassenwartes statt. Neuer 2. Vorsitzender ist Michael Siedler und neue Kassenwartin Stephanie St\u00f6ber. Beide sind im F\u00f6rderverein gut bekannt: St\u00f6ber als aktives Mitglied und Schwimmbadbesucherin, Siedler als Gr\u00fcndungsmitglied des Vereins und langj\u00e4hriger ehrenamtlicher Rettungsschwimmer.<\/div>\r\n<div dir=\"auto\">\u00a0<\/div>\r\n<div dir=\"auto\">Vor den Wahlen wurden zwei langj\u00e4hrige Vorstandsmitglieder verabschiedet. Nach zw\u00f6lfj\u00e4hriger T\u00e4tigkeit, somit im Vorstand seit der ersten Stunde, wurden Hans-J\u00f6rg M\u00fcller als 2. Vorsitzender und Volker Geilfu\u00df als Kassenwart verabschiedet.<\/div>\r\n<div dir=\"auto\">\u00a0<\/div>\r\n<div dir=\"auto\">R\u00fcckblickend wurde vom scheidenden Kassenwart Geilfu\u00df exemplarisch aufgez\u00e4hlt, wie viele kleine und auch gr\u00f6\u00dfere Anschaffungen und positive Ver\u00e4nderungen, von den Spielger\u00e4ten des Spiel- und Spa\u00df-Mittwochs \u00fcber die Wasserrutsche, eine Erneuerung der Dachkonstruktion f\u00fcr die Solarthermieanlage zum Beheizen des Schwimmbadwassers, neue Eingangst\u00fcren, Sand f\u00fcr das Volleyballfeld, 35 Liegen, Sonnensegel f\u00fcr das Planschbecken bis hin zum neuen Spielplatz in 2024 in den vergangenen zw\u00f6lf Jahren umgesetzt worden sind. Die Mitglieder und der aktuelle Vorstand bedankten sich in tiefer Verbundenheit, auch f\u00fcr die gute und vertrauensvolle Zusammenarbeit. Als Anerkennung f\u00fcr die geleistete ehrenamtliche Arbeit und kleine Wertsch\u00e4tzung wurde jedem zum Abschied ein kleiner Pr\u00e4sentkorb \u00fcberreicht.<\/div>\r\n<div dir=\"auto\">\u00a0<\/div>\r\n<div dir=\"auto\">P\u00fcnktlich zur Mitgliederversammlung gab es weitere frohe Kunde: So brachte die Spendenaktion f\u00fcr eine neue Photovoltaik-Anlage seit 2024 bis M\u00e4rz 2025 rund 7000 Euro ein. Damit reichen die Finanzmittel des F\u00f6rdervereins nun aus, um die Anlage zu finanzieren und die laufende Saison zu bestreiten. <strong>Schon mal vielen herzlichen Dank an alle Spender und Spenderinnen! <\/strong>Die Anlage ist bereits bestellt und Ziel ist es, dass sie noch vor Saisonbeginn 2025 im Mai in Betrieb genommen wird. Die angepeilte Stromleistung reicht aus, um den Strombedarf des Freibades tags\u00fcber vollst\u00e4ndig zu decken. Sie ist somit ein aktiver Beitrag zum Umweltschutz. Durch die Eigenstromproduktion, auch au\u00dferhalb der Saison, leistet sie ebenfalls einen Beitrag zur Kostenreduzierung des Freibades Bad Sooden-Allendorf.<\/div>\r\n<div dir=\"auto\">\u00a0<\/div>\r\n<div dir=\"auto\"><img loading=\"lazy\" decoding=\"async\" class=\"alignnone size-large wp-image-2904\" src=\"https:\/\/www.freibad-bsa.de\/wp-content\/uploads\/2025\/03\/Bild-Vorstand-1024x768.jpg\" alt=\"\" width=\"840\" height=\"630\" srcset=\"https:\/\/www.freibad-bsa.de\/wp-content\/uploads\/2025\/03\/Bild-Vorstand-1024x768.jpg 1024w, https:\/\/www.freibad-bsa.de\/wp-content\/uploads\/2025\/03\/Bild-Vorstand-300x225.jpg 300w, https:\/\/www.freibad-bsa.de\/wp-content\/uploads\/2025\/03\/Bild-Vorstand-768x576.jpg 768w, https:\/\/www.freibad-bsa.de\/wp-content\/uploads\/2025\/03\/Bild-Vorstand-1536x1152.jpg 1536w, https:\/\/www.freibad-bsa.de\/wp-content\/uploads\/2025\/03\/Bild-Vorstand-2048x1536.jpg 2048w\" sizes=\"auto, (max-width: 840px) 100vw, 840px\" \/> Alter und neuer Vorstand: von links: Dr. Uwe Wachsmuth (Schriftwart), Michael Siedler (2.Vorsitzender), Hans-J\u00f6rg M\u00fcller ( ehem. 2. Vorsitzender ), Sonja Jilg (1. Vorsitzende), Volker Geilfu\u00df (ehem. Kassenwart), Stephanie St\u00f6ber (Kassenwartin), Silke Herwig (Beisitzer), Ilona Kreutzer (Beisitzer)<\/div>\r\n<\/div>\r\n<\/div>\r\n<\/div>\r\n<div class=\"x8gbvx8 x80vd3b x1q0q8m5 xso031l x8cjs6t x13fuv20 x178xt8z x78zum5 x1q0g3np x1qughib xz9dl7a xn6708d xsag5q8 xpkgp8e x14vqqas\">\r\n<div class=\"x6s0dn4 x78zum5 x1nhvcw1\">\u00a0<\/div>\r\n<\/div>\r\n<\/div>\r\n<p>&nbsp;<\/p>\r\n<!-- \/wp:post-content -->","protected":false},"excerpt":{"rendered":"<p>EHRENAMTLICHE RETTUNGSSCHWIMMER GESUCHT! Der F\u00f6rderverein Freibad Bad Sooden-Allendorf e.V. sucht engagierte ehrenamtliche Rettungsschwimmerinnen und Rettungsschwimmer zur Unterst\u00fctzung unseres Schwimmmeisters. Damit[&#8230;]<\/p>\n","protected":false},"author":2,"featured_media":0,"parent":32,"menu_order":0,"comment_status":"closed","ping_status":"closed","template":"","meta":{"footnotes":""},"class_list":["post-267","page","type-page","status-publish","hentry"],"_links":{"self":[{"href":"https:\/\/www.freibad-bsa.de\/index.php?rest_route=\/wp\/v2\/pages\/267","targetHints":{"allow":["GET"]}}],"collection":[{"href":"https:\/\/www.freibad-bsa.de\/index.php?rest_route=\/wp\/v2\/pages"}],"about":[{"href":"https:\/\/www.freibad-bsa.de\/index.php?rest_route=\/wp\/v2\/types\/page"}],"author":[{"embeddable":true,"href":"https:\/\/www.freibad-bsa.de\/index.php?rest_route=\/wp\/v2\/users\/2"}],"replies":[{"embeddable":true,"href":"https:\/\/www.freibad-bsa.de\/index.php?rest_route=%2Fwp%2Fv2%2Fcomments&post=267"}],"version-history":[{"count":85,"href":"https:\/\/www.freibad-bsa.de\/index.php?rest_route=\/wp\/v2\/pages\/267\/revisions"}],"predecessor-version":[{"id":3220,"href":"https:\/\/www.freibad-bsa.de\/index.php?rest_route=\/wp\/v2\/pages\/267\/revisions\/3220"}],"up":[{"embeddable":true,"href":"https:\/\/www.freibad-bsa.de\/index.php?rest_route=\/wp\/v2\/pages\/32"}],"wp:attachment":[{"href":"https:\/\/www.freibad-bsa.de\/index.php?rest_route=%2Fwp%2Fv2%2Fmedia&parent=267"}],"curies":[{"name":"wp","href":"https:\/\/api.w.org\/{rel}","templated":true}]}}

<p><strong>EHRENAMTLICHE RETTUNGSSCHWIMMER GESUCHT!</strong></p>
<p>Der Förderverein Freibad Bad Sooden-Allendorf e.V. sucht engagierte ehrenamtliche Rettungsschwimmerinnen und Rettungsschwimmer zur Unterstützung unseres Schwimmmeisters. Damit auch bei hoher Besucherzahl ein sicherer und reibungsloser Badebetrieb gewährleistet ist, freuen wir uns über jede Unterstützung!</p>
<p>Das bieten wir:</p>
<ul>
<li>10 € Aufwandsentschädigung pro Stunde</li>
<li>Flexible Einsatzzeiten nach individueller Absprache</li>
<li>Einteilung unkompliziert über WhatsAppGruppe</li>
<li>Nettes Team &amp; soziales Umfeld</li>
<li>Sinnvolles Ehrenamt – Sie helfen aktiv, unser Freibad zu erhalten</li>
<li>Vermittlung der erforderlichen Kenntnisse, wie Rettungsfähigkeit und Erste Hilfe. Die Kosten für die Ausbildung übernimmt der Förderverein vollständig.</li>
</ul>
<p><strong>INTERESSE? JETZT MELDEN!</strong> Direkt im Freibad Bad Sooden-Allendorf bei Schwimmmeister Thomas Werner &#x260e; 05652 / 4057 Jede helfende Hand zählt – machen Sie mit!  </p>
<div>
<div class="html-div xdj266r x11i5rnm xat24cr x1mh8g0r xexx8yu x4uap5 x18d9i69 xkhd6sd">
<div class="html-div xdj266r x11i5rnm xat24cr x1mh8g0r xexx8yu x4uap5 x18d9i69 xkhd6sd" dir="auto"><img loading="lazy" decoding="async" class="alignnone size-large wp-image-3164" src="https://www.freibad-bsa.de/wp-content/uploads/2025/09/Freibad-Foerderverein-uebergibt-Photovoltaik.pdf-701x1024.jpg" alt="" width="701" height="1024" srcset="https://www.freibad-bsa.de/wp-content/uploads/2025/09/Freibad-Foerderverein-uebergibt-Photovoltaik.pdf-701x1024.jpg 701w, https://www.freibad-bsa.de/wp-content/uploads/2025/09/Freibad-Foerderverein-uebergibt-Photovoltaik.pdf-205x300.jpg 205w, https://www.freibad-bsa.de/wp-content/uploads/2025/09/Freibad-Foerderverein-uebergibt-Photovoltaik.pdf-768x1122.jpg 768w, https://www.freibad-bsa.de/wp-content/uploads/2025/09/Freibad-Foerderverein-uebergibt-Photovoltaik.pdf-1051x1536.jpg 1051w, https://www.freibad-bsa.de/wp-content/uploads/2025/09/Freibad-Foerderverein-uebergibt-Photovoltaik.pdf-1401x2048.jpg 1401w, https://www.freibad-bsa.de/wp-content/uploads/2025/09/Freibad-Foerderverein-uebergibt-Photovoltaik.pdf-scaled.jpg 1752w" sizes="auto, (max-width: 701px) 100vw, 701px" />
<div class="html-div xdj266r x11i5rnm xat24cr x1mh8g0r xexx8yu x4uap5 x18d9i69 xkhd6sd" data-ad-rendering-role="story_message">
<div dir="auto">  <img loading="lazy" decoding="async" class="alignnone size-large wp-image-3158" src="https://www.freibad-bsa.de/wp-content/uploads/2025/09/Presseerklaerung-Projektabschluss-PV-Anlage-08-2025-Photo-Uebergabe-1024x576.jpg" alt="" width="840" height="473" srcset="https://www.freibad-bsa.de/wp-content/uploads/2025/09/Presseerklaerung-Projektabschluss-PV-Anlage-08-2025-Photo-Uebergabe-1024x576.jpg 1024w, https://www.freibad-bsa.de/wp-content/uploads/2025/09/Presseerklaerung-Projektabschluss-PV-Anlage-08-2025-Photo-Uebergabe-300x169.jpg 300w, https://www.freibad-bsa.de/wp-content/uploads/2025/09/Presseerklaerung-Projektabschluss-PV-Anlage-08-2025-Photo-Uebergabe-768x432.jpg 768w, https://www.freibad-bsa.de/wp-content/uploads/2025/09/Presseerklaerung-Projektabschluss-PV-Anlage-08-2025-Photo-Uebergabe-1536x865.jpg 1536w, https://www.freibad-bsa.de/wp-content/uploads/2025/09/Presseerklaerung-Projektabschluss-PV-Anlage-08-2025-Photo-Uebergabe-2048x1153.jpg 2048w" sizes="auto, (max-width: 840px) 100vw, 840px" /> <img loading="lazy" decoding="async" class="alignnone size-large wp-image-3159" src="https://www.freibad-bsa.de/wp-content/uploads/2025/09/Bild-Untertitel-PV-Anlage-08-2025-Bildunterschrift-1024x98.jpg" alt="" width="840" height="80" srcset="https://www.freibad-bsa.de/wp-content/uploads/2025/09/Bild-Untertitel-PV-Anlage-08-2025-Bildunterschrift-1024x98.jpg 1024w, https://www.freibad-bsa.de/wp-content/uploads/2025/09/Bild-Untertitel-PV-Anlage-08-2025-Bildunterschrift-300x29.jpg 300w, https://www.freibad-bsa.de/wp-content/uploads/2025/09/Bild-Untertitel-PV-Anlage-08-2025-Bildunterschrift-768x74.jpg 768w, https://www.freibad-bsa.de/wp-content/uploads/2025/09/Bild-Untertitel-PV-Anlage-08-2025-Bildunterschrift-1536x147.jpg 1536w, https://www.freibad-bsa.de/wp-content/uploads/2025/09/Bild-Untertitel-PV-Anlage-08-2025-Bildunterschrift-2048x197.jpg 2048w" sizes="auto, (max-width: 840px) 100vw, 840px" />   <strong>Ein herzlichen Dank an die Spender, die den Bau der PV-Anlage ermöglicht haben:</strong></div>
<div dir="auto">
<ul>
<li>Kristina Bauer</li>
<li>Gustav und Silke Becker</li>
<li>Anke Bergner</li>
<li>Gunter Beyer</li>
<li>dm drogerie-markt</li>
<li>Filzring OHG</li>
<li>Hobby Boutique, Inge Scharff</li>
<li>Andrea Kreutzer</li>
<li>Heike Krumpholz</li>
<li>Isabella Mors</li>
<li>Matthias und Dagmar Nöding</li>
<li>Soodener Reisebüro, Wolfgang Punzet</li>
<li>Stadtführer &#8218;Allendorf bei Nacht&#8216;</li>
<li>Thomas Sys Tech GmbH</li>
<li>Armin Trube</li>
<li>… und viele weitere</li>
</ul>
</div>
<div dir="auto"> </div>
<div dir="auto">    <strong>Mitgliederversammlung Förderverein Freibad Bad Sooden-Allendorf e.V. 2025</strong></div>
<div dir="auto"> </div>
<div dir="auto">Siedler und Stöber neu im Vorstand Freibad-Förderverein: Müller und Geilfuß scheiden aus Vorstand aus</div>
<div dir="auto"> </div>
<div dir="auto">Bad Sooden-Allendorf – Vor wenigen Tagen fand die zwölfte Mitgliederversammlung des Fördervereins Freibad Bad Sooden-Allendorf e.V. im Seniorentreffpunkt statt. Neben dem Jahresbericht der Vorsitzenden Sonja Jilg und des Kassenberichtes des Kassenwarts fanden Neuwahlen für die Ämter des 2. Vorsitzenden und des Kassenwartes statt. Neuer 2. Vorsitzender ist Michael Siedler und neue Kassenwartin Stephanie Stöber. Beide sind im Förderverein gut bekannt: Stöber als aktives Mitglied und Schwimmbadbesucherin, Siedler als Gründungsmitglied des Vereins und langjähriger ehrenamtlicher Rettungsschwimmer.</div>
<div dir="auto"> </div>
<div dir="auto">Vor den Wahlen wurden zwei langjährige Vorstandsmitglieder verabschiedet. Nach zwölfjähriger Tätigkeit, somit im Vorstand seit der ersten Stunde, wurden Hans-Jörg Müller als 2. Vorsitzender und Volker Geilfuß als Kassenwart verabschiedet.</div>
<div dir="auto"> </div>
<div dir="auto">Rückblickend wurde vom scheidenden Kassenwart Geilfuß exemplarisch aufgezählt, wie viele kleine und auch größere Anschaffungen und positive Veränderungen, von den Spielgeräten des Spiel- und Spaß-Mittwochs über die Wasserrutsche, eine Erneuerung der Dachkonstruktion für die Solarthermieanlage zum Beheizen des Schwimmbadwassers, neue Eingangstüren, Sand für das Volleyballfeld, 35 Liegen, Sonnensegel für das Planschbecken bis hin zum neuen Spielplatz in 2024 in den vergangenen zwölf Jahren umgesetzt worden sind. Die Mitglieder und der aktuelle Vorstand bedankten sich in tiefer Verbundenheit, auch für die gute und vertrauensvolle Zusammenarbeit. Als Anerkennung für die geleistete ehrenamtliche Arbeit und kleine Wertschätzung wurde jedem zum Abschied ein kleiner Präsentkorb überreicht.</div>
<div dir="auto"> </div>
<div dir="auto">Pünktlich zur Mitgliederversammlung gab es weitere frohe Kunde: So brachte die Spendenaktion für eine neue Photovoltaik-Anlage seit 2024 bis März 2025 rund 7000 Euro ein. Damit reichen die Finanzmittel des Fördervereins nun aus, um die Anlage zu finanzieren und die laufende Saison zu bestreiten. <strong>Schon mal vielen herzlichen Dank an alle Spender und Spenderinnen! </strong>Die Anlage ist bereits bestellt und Ziel ist es, dass sie noch vor Saisonbeginn 2025 im Mai in Betrieb genommen wird. Die angepeilte Stromleistung reicht aus, um den Strombedarf des Freibades tagsüber vollständig zu decken. Sie ist somit ein aktiver Beitrag zum Umweltschutz. Durch die Eigenstromproduktion, auch außerhalb der Saison, leistet sie ebenfalls einen Beitrag zur Kostenreduzierung des Freibades Bad Sooden-Allendorf.</div>
<div dir="auto"> </div>
<div dir="auto"><img loading="lazy" decoding="async" class="alignnone size-large wp-image-2904" src="https://www.freibad-bsa.de/wp-content/uploads/2025/03/Bild-Vorstand-1024x768.jpg" alt="" width="840" height="630" srcset="https://www.freibad-bsa.de/wp-content/uploads/2025/03/Bild-Vorstand-1024x768.jpg 1024w, https://www.freibad-bsa.de/wp-content/uploads/2025/03/Bild-Vorstand-300x225.jpg 300w, https://www.freibad-bsa.de/wp-content/uploads/2025/03/Bild-Vorstand-768x576.jpg 768w, https://www.freibad-bsa.de/wp-content/uploads/2025/03/Bild-Vorstand-1536x1152.jpg 1536w, https://www.freibad-bsa.de/wp-content/uploads/2025/03/Bild-Vorstand-2048x1536.jpg 2048w" sizes="auto, (max-width: 840px) 100vw, 840px" /> Alter und neuer Vorstand: von links: Dr. Uwe Wachsmuth (Schriftwart), Michael Siedler (2.Vorsitzender), Hans-Jörg Müller ( ehem. 2. Vorsitzender ), Sonja Jilg (1. Vorsitzende), Volker Geilfuß (ehem. Kassenwart), Stephanie Stöber (Kassenwartin), Silke Herwig (Beisitzer), Ilona Kreutzer (Beisitzer)</div>
</div>
</div>
</div>
<div class="x8gbvx8 x80vd3b x1q0q8m5 xso031l x8cjs6t x13fuv20 x178xt8z x78zum5 x1q0g3np x1qughib xz9dl7a xn6708d xsag5q8 xpkgp8e x14vqqas">
<div class="x6s0dn4 x78zum5 x1nhvcw1"> </div>
</div>
</div>
<p>&nbsp;</p>
<!-- /wp:post-content -->

<p>EHRENAMTLICHE RETTUNGSSCHWIMMER GESUCHT! Der Förderverein Freibad Bad Sooden-Allendorf e.V. sucht engagierte ehrenamtliche Rettungsschwimmerinnen und Rettungsschwimmer zur Unterstützung unseres Schwimmmeisters. Damit[&#8230;]</p>
