{"id":344,"date":"2019-02-25T22:16:57","date_gmt":"2019-02-25T22:16:57","guid":{"rendered":"http:\/\/freibad-bsa.de\/?page_id=344"},"modified":"2024-10-18T09:42:14","modified_gmt":"2024-10-18T07:42:14","slug":"haus-und-badeordnung","status":"publish","type":"page","link":"https:\/\/www.freibad-bsa.de\/?page_id=344","title":{"rendered":"Haus- und Badeordnung"},"content":{"rendered":"<h3>Haus- und Badeordnung<\/h3>\n<p>wird beim Kauf der Eintrittskarte anerkannt, und ist Bestandteil zur Nutzung des Bades.<\/p>\n<p>1. ZWECK DER HAUS- UND BADEORDNUNG<\/p>\n<p>Die Haus- und Badeordnung dient der Sicherheit, Ruhe, Ordnung und Sauberkeit in allen Bereichen des Freibades. Der Badegast soll Ruhe, Erholung und Entspannung finden. Daher ist sie auch in seinem eigenen Interesse. Sie ist f\u00fcr alle Badeg\u00e4ste verbindlich und wird mit dem L\u00f6sen der Eintrittskarte anerkannt.<\/p>\n<p>2. BADEG\u00c4STE, ZULASSUNG, ALTER, AUSSCHLUSS<\/p>\n<p>Die Benutzung des Freibades ist grunds\u00e4tzlich jedem gestattet.<\/p>\n<p><em><u>Ausnahmen:<\/u><\/em><\/p>\n<p>Von der Benutzung ausgeschlossen sind:<\/p>\n<ul>\n<li>Personen, die an meldepflichtigen ansteckenden Krankheiten, offenen Wunden oder sich abl\u00f6senden Hautver\u00e4nderungen leiden<\/li>\n<li>Personen, die unter Einfluss berauschender Mittel, insbesondere Alkohol oder Drogen stehen<\/li>\n<li>Personen, die Tiere mit sich f\u00fchren<\/li>\n<\/ul>\n<p>Kinder unter 8 Jahren werden nur in Begleitung Erwachsener zugelassen.<\/p>\n<p>3. EINTRITTSKARTEN: G\u00dcLTIGKEIT, \u00dcBERTRAGBARKEIT, ERSTATTUNG<\/p>\n<p>Jeder Badegast muss im Besitz einer Eintrittskarte sein. Sie sind auf Verlangen vorzuzeigen. Einzeltickets sind die ganze Saison g\u00fcltig. 12 er Karten sind bis zur n\u00e4chsten Tarifreform g\u00fcltig und sind auf andere Personen \u00fcbertragbar. Dauerkarten sind f\u00fcr eine Saison g\u00fcltig und nicht \u00fcbertragbar.<\/p>\n<p>Einzelkarten werden nicht zur\u00fcckgenommen. Verlorengegangene oder nicht genutzte Karten werden nicht erstattet.<\/p>\n<p>Keine Erstattung von Eintrittsgeldern bei pl\u00f6tzlichen Wetterwechseln ( z.B. Gewitter ) !<\/p>\n<p>4. BETRIEBSZEITEN UND BADEZEITEN<\/p>\n<p>Die Betriebszeiten sind im Aushang ersichtlich.<br \/>\nBei \u00dcberf\u00fcllung kann das Bad zeitweise f\u00fcr Besucher gesperrt werden.<br \/>\nBei schlechter Witterung kann das Bad vorzeitig geschlossen werden.<\/p>\n<p>( siehe Schlechtwetterregelung )<\/p>\n<p>5. K\u00d6RPERREINIGUNG<\/p>\n<p>Vor dem Betreten der Schwimmbecken hat jeder Badegast unter den Duschen eine gr\u00fcndliche K\u00f6rperreinigung vorzunehmen. Zerbrechliche Gegenst\u00e4nde oder Flaschen d\u00fcrfen nicht in die Duschr\u00e4ume und auf den Beckenumgang mitgenommen werden. Im Becken selbst d\u00fcrfen Seife, B\u00fcrsten und andere Reinigungsmittel nicht verwendet werden.<\/p>\n<p>6. VERHALTEN IM BAD<\/p>\n<p>Jeder Besucher hat sich so zu verhalten, dass Ruhe, Sicherheit und Ordnung aufrechterhalten werden.<br \/>\nSt\u00f6rungen, Bel\u00e4stigungen und Behinderungen anderer Badeg\u00e4ste sind zu unterlassen.<\/p>\n<p><strong><em><u>Nicht erlaubt sind :<\/u><\/em><\/strong><\/p>\n<ul>\n<li>L\u00e4rmen, Singen, der Betrieb von Rundfunkger\u00e4ten, Recordern, CD-Playern, \u00a0\u00a0sonstigen Abspielger\u00e4ten, Musikinstrumenten oder sonstigen Medien (z.B. Mobiltelefone), wenn es dadurch zu Bel\u00e4stigungen der Badeg\u00e4ste kommt.<\/li>\n<li>Das Fotografieren und Filmen fremder Personen und Gruppen ist ohne deren Einwilligung nicht gestattet<\/li>\n<li>Der Konsum von Cannabis<\/li>\n<li>Am Beckenbereich: Betreten mit Schuhzeug, Rauchen, Glasflaschen, Essen<\/li>\n<li>Wegwerfen von Abf\u00e4llen, Glasflaschen und dergleichen. Abf\u00e4lle sind in die daf\u00fcr vorgesehenen Abfallbeh\u00e4lter zu werfen.<\/li>\n<li>Ausspucken auf den Boden oder in das Beckenwasser.<\/li>\n<li>Rasieren, N\u00e4gel schneiden, Haare f\u00e4rben u.\u00e4.<\/li>\n<li>Springen vom Beckenrand ( Schwimmerteil )<\/li>\n<li>Seitliches Abspringen von den Sprunganlagen<\/li>\n<\/ul>\n<p>7. FUNDGEGENST\u00c4NDE : ABGABE, VERF\u00dcGUNG<\/p>\n<p>Fundgegenst\u00e4nde sind beim Schwimmmeister abzugeben. \u00dcber die gefundenen Gegenst\u00e4nde wird nach den Bestimmungen des \u201eB\u00fcrgerlichen Gesetzbuches\u201c verf\u00fcgt.<\/p>\n<p>8. AUFSICHT<\/p>\n<p>Elternaufsicht gilt auf dem gesamten Gel\u00e4nde ( betrifft Kinder von 0 bis 7 Jahre )<\/p>\n<p>Das Badepersonal kann keine l\u00fcckenlose Badeaufsicht gew\u00e4hrleisten, die Badeg\u00e4ste haben deshalb eine gewisse Eigenverantwortung wahrzunehmen.<br \/>\nDie Benutzung von Sprunganlagen und Wasserrutschen geht \u00fcber die im Badebetrieb typischen Gefahren hinaus; der Nutzer hat sich darauf in seinem Verhalten einzustellen.<br \/>\nDas Badepersonal hat f\u00fcr die Einhaltung der Haus- und Badeordnung zu sorgen. Es ist dazu durch Dienstanweisung verpflichtet.<br \/>\nSeinen Anordnungen ist unbedingt und uneingeschr\u00e4nkt Folge zu leisten.<br \/>\nDer Schwimmmeister \/ Badeaufsicht ist befugt, Personen die trotz Ermahnung:<\/p>\n<ul>\n<li>die Ruhe, Sicherheit und Ordnung st\u00f6ren<\/li>\n<li>andere Badeg\u00e4ste st\u00f6ren, behindern und bel\u00e4stigen<\/li>\n<li>gegen die Bestimmungen der Haus- und Badeordnung versto\u00dfen<\/li>\n<\/ul>\n<p>vor\u00fcbergehend oder dauernd vom Besuch des Freibades auszuschlie\u00dfen!<br \/>\nGezahltes Entgeld wird in diesem Fall nicht zur\u00fcckerstattet.<br \/>\nGegen Personen, die sich dem Hausverbot widersetzen, kann Anzeige wegen Hausfriedensbruch (Strafgesetzbuch ) gestellt werden.<\/p>\n<p>9. BETRIEBSHAFTUNG<\/p>\n<p>F\u00fcr Geld, Wertsachen und Fundgegenst\u00e4nde, die nicht zur Verwahrung abgegeben worden sind sowie f\u00fcr den Verlust oder die Besch\u00e4digung von Kleidungsst\u00fccken, wird jede Haftung abgelehnt.<br \/>\nDies gilt auch f\u00fcr die auf dem Parkplatz abgestellten Fahrzeuge.<strong>\u00a0\u00a0\u00a0\u00a0\u00a0\u00a0\u00a0\u00a0\u00a0\u00a0\u00a0\u00a0\u00a0\u00a0\u00a0\u00a0\u00a0\u00a0\u00a0\u00a0\u00a0\u00a0\u00a0\u00a0\u00a0\u00a0\u00a0\u00a0\u00a0 \u00a0\u00a0\u00a0\u00a0\u00a0\u00a0\u00a0\u00a0\u00a0\u00a0\u00a0\u00a0<\/strong><\/p>\n<p>&nbsp;<\/p>\n<p><strong>Der Magistrat der Stadt<\/strong><\/p>\n<p><strong>Bad Sooden-Allendorf<\/strong><\/p>\n","protected":false},"excerpt":{"rendered":"<p>Haus- und Badeordnung wird beim Kauf der Eintrittskarte anerkannt, und ist Bestandteil zur Nutzung des Bades. 1. ZWECK DER HAUS-[&#8230;]<\/p>\n","protected":false},"author":2,"featured_media":0,"parent":13,"menu_order":12,"comment_status":"closed","ping_status":"closed","template":"","meta":{"footnotes":""},"class_list":["post-344","page","type-page","status-publish","hentry"],"_links":{"self":[{"href":"https:\/\/www.freibad-bsa.de\/index.php?rest_route=\/wp\/v2\/pages\/344","targetHints":{"allow":["GET"]}}],"collection":[{"href":"https:\/\/www.freibad-bsa.de\/index.php?rest_route=\/wp\/v2\/pages"}],"about":[{"href":"https:\/\/www.freibad-bsa.de\/index.php?rest_route=\/wp\/v2\/types\/page"}],"author":[{"embeddable":true,"href":"https:\/\/www.freibad-bsa.de\/index.php?rest_route=\/wp\/v2\/users\/2"}],"replies":[{"embeddable":true,"href":"https:\/\/www.freibad-bsa.de\/index.php?rest_route=%2Fwp%2Fv2%2Fcomments&post=344"}],"version-history":[{"count":24,"href":"https:\/\/www.freibad-bsa.de\/index.php?rest_route=\/wp\/v2\/pages\/344\/revisions"}],"predecessor-version":[{"id":2870,"href":"https:\/\/www.freibad-bsa.de\/index.php?rest_route=\/wp\/v2\/pages\/344\/revisions\/2870"}],"up":[{"embeddable":true,"href":"https:\/\/www.freibad-bsa.de\/index.php?rest_route=\/wp\/v2\/pages\/13"}],"wp:attachment":[{"href":"https:\/\/www.freibad-bsa.de\/index.php?rest_route=%2Fwp%2Fv2%2Fmedia&parent=344"}],"curies":[{"name":"wp","href":"https:\/\/api.w.org\/{rel}","templated":true}]}}